{"id":48,"date":"2022-11-22T11:39:05","date_gmt":"2022-11-22T10:39:05","guid":{"rendered":"http:\/\/flo.ippez.pl\/?page_id=48"},"modified":"2023-04-20T12:18:34","modified_gmt":"2023-04-20T10:18:34","slug":"o-nas","status":"publish","type":"page","link":"https:\/\/flo.ippez.pl\/index.php\/o-nas\/","title":{"rendered":"O NAS"},"content":{"rendered":"\n<p>Oty\u0142o\u015b\u0107 \u2013 cecha wygl\u0105du, charakteru, a mo\u017ce zwyk\u0142e zaniedbanie? Lenistwo?&nbsp; \u2013 przecie\u017c wystarczy mniej je\u015b\u0107 i wi\u0119cej si\u0119 rusza\u0107, a sprawa rozwi\u0105\u017ce si\u0119 sama, czy\u017c nie? To tylko niekt\u00f3re z powtarzanych, s\u0142yszalnych opinii na temat os\u00f3b z wi\u0119ksz\u0105 mas\u0105 cia\u0142a \u2013 niejednokrotnie wypowiadanych w Pa\u0144stwa domach, pracy, sklepach, komunikacji, szko\u0142ach, w szeroko rozumianej przestrzeni publicznej. Chcemy t\u0105 opini\u0119 zmieni\u0107. Oty\u0142o\u015b\u0107 jest chorob\u0105 \u015bmierteln\u0105, kt\u00f3ra daje ponad 200 powik\u0142a\u0144.<\/p>\n","protected":false},"excerpt":{"rendered":"<p>Oty\u0142o\u015b\u0107 \u2013 cecha wygl\u0105du, charakteru, a mo\u017ce zwyk\u0142e zaniedbanie? Lenistwo?&nbsp; \u2013 przecie\u017c wystarczy mniej je\u015b\u0107 i wi\u0119cej si\u0119 rusza\u0107, a sprawa rozwi\u0105\u017ce si\u0119 sama, czy\u017c nie? To tylko niekt\u00f3re z &hellip; <\/p>\n","protected":false},"author":1,"featured_media":208,"parent":0,"menu_order":0,"comment_status":"closed","ping_status":"closed","template":"","meta":{"footnotes":""},"class_list":["post-48","page","type-page","status-publish","has-post-thumbnail","hentry","has-meta has-sticky-meta"],"_links":{"self":[{"href":"https:\/\/flo.ippez.pl\/index.php\/wp-json\/wp\/v2\/pages\/48","targetHints":{"allow":["GET"]}}],"collection":[{"href":"https:\/\/flo.ippez.pl\/index.php\/wp-json\/wp\/v2\/pages"}],"about":[{"href":"https:\/\/flo.ippez.pl\/index.php\/wp-json\/wp\/v2\/types\/page"}],"author":[{"embeddable":true,"href":"https:\/\/flo.ippez.pl\/index.php\/wp-json\/wp\/v2\/users\/1"}],"replies":[{"embeddable":true,"href":"https:\/\/flo.ippez.pl\/index.php\/wp-json\/wp\/v2\/comments?post=48"}],"version-history":[{"count":3,"href":"https:\/\/flo.ippez.pl\/index.php\/wp-json\/wp\/v2\/pages\/48\/revisions"}],"predecessor-version":[{"id":117,"href":"https:\/\/flo.ippez.pl\/index.php\/wp-json\/wp\/v2\/pages\/48\/revisions\/117"}],"wp:featuredmedia":[{"embeddable":true,"href":"https:\/\/flo.ippez.pl\/index.php\/wp-json\/wp\/v2\/media\/208"}],"wp:attachment":[{"href":"https:\/\/flo.ippez.pl\/index.php\/wp-json\/wp\/v2\/media?parent=48"}],"curies":[{"name":"wp","href":"https:\/\/api.w.org\/{rel}","templated":true}]}}