{"id":46,"date":"2022-11-22T11:38:49","date_gmt":"2022-11-22T10:38:49","guid":{"rendered":"http:\/\/flo.ippez.pl\/?page_id=46"},"modified":"2023-04-19T16:52:12","modified_gmt":"2023-04-19T14:52:12","slug":"multimedia","status":"publish","type":"page","link":"https:\/\/flo.ippez.pl\/index.php\/multimedia\/","title":{"rendered":"MULTIMEDIA"},"content":{"rendered":"\n<p><strong>Wywiad dla Wprost:<\/strong><\/p>\n\n\n\n<p><a href=\"https:\/\/zdrowie.wprost.pl\/opinie-i-wywiady\/10996240\/dyskryminacja-to-drugie-imie-otylosci-trzeba-mowic-ze-to-choroba.html\" target=\"_blank\" rel=\"noreferrer noopener\">https:\/\/zdrowie.wprost.pl\/opinie-i-wywiady\/10996240\/dyskryminacja-to-drugie-imie-otylosci-trzeba-mowic-ze-to-choroba.html<\/a><\/p>\n\n\n\n<hr class=\"wp-block-separator aligncenter has-alpha-channel-opacity\"\/>\n\n\n\n<p><strong>Jakiego wsparcia potrzebuje pacjent z oty\u0142o\u015bci\u0105? Nasza prezes \u2013 Katarzyna G\u0142owi\u0144ska w szczerej i wa\u017cnej rozmowie: <\/strong><\/p>\n\n\n\n<p> <\/p>\n\n\n\n<figure class=\"wp-block-embed is-type-video is-provider-youtube wp-block-embed-youtube wp-embed-aspect-16-9 wp-has-aspect-ratio\"><div class=\"wp-block-embed__wrapper\">\n<iframe loading=\"lazy\" title=\"Jakiego wsparcia potrzebuje pacjent z oty\u0142o\u015bci\u0105?\" width=\"740\" height=\"416\" src=\"https:\/\/www.youtube.com\/embed\/_uS8tYf4dUY?feature=oembed\" frameborder=\"0\" allow=\"accelerometer; autoplay; clipboard-write; encrypted-media; gyroscope; picture-in-picture; web-share\" allowfullscreen><\/iframe>\n<\/div><\/figure>\n","protected":false},"excerpt":{"rendered":"<p>Wywiad dla Wprost: https:\/\/zdrowie.wprost.pl\/opinie-i-wywiady\/10996240\/dyskryminacja-to-drugie-imie-otylosci-trzeba-mowic-ze-to-choroba.html Jakiego wsparcia potrzebuje pacjent z oty\u0142o\u015bci\u0105? Nasza prezes \u2013 Katarzyna G\u0142owi\u0144ska w szczerej i wa\u017cnej rozmowie:<\/p>\n","protected":false},"author":1,"featured_media":83,"parent":0,"menu_order":0,"comment_status":"closed","ping_status":"closed","template":"","meta":{"footnotes":""},"class_list":["post-46","page","type-page","status-publish","has-post-thumbnail","hentry","has-meta has-sticky-meta"],"_links":{"self":[{"href":"https:\/\/flo.ippez.pl\/index.php\/wp-json\/wp\/v2\/pages\/46","targetHints":{"allow":["GET"]}}],"collection":[{"href":"https:\/\/flo.ippez.pl\/index.php\/wp-json\/wp\/v2\/pages"}],"about":[{"href":"https:\/\/flo.ippez.pl\/index.php\/wp-json\/wp\/v2\/types\/page"}],"author":[{"embeddable":true,"href":"https:\/\/flo.ippez.pl\/index.php\/wp-json\/wp\/v2\/users\/1"}],"replies":[{"embeddable":true,"href":"https:\/\/flo.ippez.pl\/index.php\/wp-json\/wp\/v2\/comments?post=46"}],"version-history":[{"count":2,"href":"https:\/\/flo.ippez.pl\/index.php\/wp-json\/wp\/v2\/pages\/46\/revisions"}],"predecessor-version":[{"id":107,"href":"https:\/\/flo.ippez.pl\/index.php\/wp-json\/wp\/v2\/pages\/46\/revisions\/107"}],"wp:featuredmedia":[{"embeddable":true,"href":"https:\/\/flo.ippez.pl\/index.php\/wp-json\/wp\/v2\/media\/83"}],"wp:attachment":[{"href":"https:\/\/flo.ippez.pl\/index.php\/wp-json\/wp\/v2\/media?parent=46"}],"curies":[{"name":"wp","href":"https:\/\/api.w.org\/{rel}","templated":true}]}}