{"id":40,"date":"2022-11-22T11:37:43","date_gmt":"2022-11-22T10:37:43","guid":{"rendered":"http:\/\/flo.ippez.pl\/?page_id=40"},"modified":"2023-04-19T16:50:32","modified_gmt":"2023-04-19T14:50:32","slug":"rada-naukowa","status":"publish","type":"page","link":"https:\/\/flo.ippez.pl\/index.php\/rada-naukowa\/","title":{"rendered":"RADA NAUKOWA"},"content":{"rendered":"\n<p>W celu zapewnienia dost\u0119pu do aktualnej wiedzy medycznej, zgodnej z najnowszymi osi\u0105gni\u0119ciami medycyny, FLO &#8211; Fundacja na rzecz Leczenia Oty\u0142o\u015bci powo\u0142a\u0142a Rad\u0119 Naukow\u0105, w sk\u0142ad kt\u00f3rej wchodz\u0105:<\/p>\n\n\n\n<ul class=\"wp-block-list\">\n<li><strong>dr hab. n. med.&nbsp;Mariusz Wyle\u017co\u0142<\/strong><\/li>\n\n\n\n<li><strong>dr hab. n. med. Wojciech Kukwa<\/strong><\/li>\n\n\n\n<li><strong>dr n. med. Tomasz Rusinowicz<\/strong><strong><\/strong><\/li>\n\n\n\n<li><strong>dr n.med. Micha\u0142 Lis<\/strong><\/li>\n\n\n\n<li><strong>lek.med. Pawe\u0142 Obermeyer, Prezes Zarz\u0105du Szpitala Czerniakowskiego w Warszawie<\/strong><\/li>\n\n\n\n<li><strong>dr n.med. Mariola Kosowicz<\/strong><\/li>\n<\/ul>\n","protected":false},"excerpt":{"rendered":"<p>W celu zapewnienia dost\u0119pu do aktualnej wiedzy medycznej, zgodnej z najnowszymi osi\u0105gni\u0119ciami medycyny, FLO &#8211; Fundacja na rzecz Leczenia Oty\u0142o\u015bci powo\u0142a\u0142a Rad\u0119 Naukow\u0105, w sk\u0142ad kt\u00f3rej wchodz\u0105:<\/p>\n","protected":false},"author":1,"featured_media":83,"parent":0,"menu_order":0,"comment_status":"closed","ping_status":"closed","template":"","meta":{"footnotes":""},"class_list":["post-40","page","type-page","status-publish","has-post-thumbnail","hentry","has-meta has-sticky-meta"],"_links":{"self":[{"href":"https:\/\/flo.ippez.pl\/index.php\/wp-json\/wp\/v2\/pages\/40","targetHints":{"allow":["GET"]}}],"collection":[{"href":"https:\/\/flo.ippez.pl\/index.php\/wp-json\/wp\/v2\/pages"}],"about":[{"href":"https:\/\/flo.ippez.pl\/index.php\/wp-json\/wp\/v2\/types\/page"}],"author":[{"embeddable":true,"href":"https:\/\/flo.ippez.pl\/index.php\/wp-json\/wp\/v2\/users\/1"}],"replies":[{"embeddable":true,"href":"https:\/\/flo.ippez.pl\/index.php\/wp-json\/wp\/v2\/comments?post=40"}],"version-history":[{"count":3,"href":"https:\/\/flo.ippez.pl\/index.php\/wp-json\/wp\/v2\/pages\/40\/revisions"}],"predecessor-version":[{"id":163,"href":"https:\/\/flo.ippez.pl\/index.php\/wp-json\/wp\/v2\/pages\/40\/revisions\/163"}],"wp:featuredmedia":[{"embeddable":true,"href":"https:\/\/flo.ippez.pl\/index.php\/wp-json\/wp\/v2\/media\/83"}],"wp:attachment":[{"href":"https:\/\/flo.ippez.pl\/index.php\/wp-json\/wp\/v2\/media?parent=40"}],"curies":[{"name":"wp","href":"https:\/\/api.w.org\/{rel}","templated":true}]}}