{"id":21,"date":"2022-11-22T11:23:26","date_gmt":"2022-11-22T10:23:26","guid":{"rendered":"http:\/\/flo.ippez.pl\/?page_id=21"},"modified":"2023-04-19T16:48:14","modified_gmt":"2023-04-19T14:48:14","slug":"cele","status":"publish","type":"page","link":"https:\/\/flo.ippez.pl\/index.php\/cele\/","title":{"rendered":"CELE"},"content":{"rendered":"\n<p>W obszarze nadwagi i choroby oty\u0142o\u015bciowej oraz jej powik\u0142a\u0144:<\/p>\n\n\n\n<p>\u2022&nbsp;&nbsp;&nbsp;&nbsp;&nbsp;&nbsp;&nbsp;&nbsp;&nbsp; <strong>EDUKUJEMY<\/strong> tak, \u017ceby zagadnienia dotycz\u0105ce nadwagi, choroby oty\u0142o\u015bciowej i jej powik\u0142a\u0144 by\u0142y rzetelne, zrozumia\u0142e i zgodne z aktualnymi badaniami i osi\u0105gni\u0119ciami medycyny.<\/p>\n\n\n\n<p>\u2022&nbsp;&nbsp;&nbsp;&nbsp;&nbsp;&nbsp;&nbsp;&nbsp;&nbsp; <strong>PROMUJEMY ZDROWIE I UPOWSZECHNIAMY WIEDZ\u0118 <\/strong>na temat profilaktyki zachorowa\u0144 na chorob\u0119 oty\u0142o\u015bciow\u0105 i jej powik\u0142a\u0144.<\/p>\n\n\n\n<p>\u2022&nbsp;&nbsp;&nbsp;&nbsp;&nbsp;&nbsp;&nbsp;&nbsp;&nbsp; <strong>DZIA\u0141AMY<\/strong> na rzecz obni\u017cania liczby zachorowa\u0144 i poprawy jako\u015bci \u017cycia chorych na oty\u0142o\u015b\u0107 i jej powik\u0142ania.<\/p>\n\n\n\n<p>\u2022&nbsp;&nbsp;&nbsp;&nbsp;&nbsp;&nbsp;&nbsp;&nbsp;&nbsp; <strong>WSPIERAMY<\/strong> badania naukowe i kliniczne, a tak\u017ce wszelkie dzia\u0142ania i projekty, promuj\u0105ce zdrowy tryb \u017cycia i zapobiegaj\u0105ce rozwojowi choroby.<\/p>\n\n\n\n<p>\u2022&nbsp;&nbsp;&nbsp;&nbsp;&nbsp;&nbsp;&nbsp;&nbsp;&nbsp; <strong>M\u00d3WIMY<\/strong>, \u017ce <strong>oty\u0142o\u015b\u0107 to choroba<\/strong> \u2013 <strong>Mi\u0119dzynarodowa Klasyfikacja Chor\u00f3b (ICD-10) E66<\/strong><\/p>\n","protected":false},"excerpt":{"rendered":"<p>W obszarze nadwagi i choroby oty\u0142o\u015bciowej oraz jej powik\u0142a\u0144: \u2022&nbsp;&nbsp;&nbsp;&nbsp;&nbsp;&nbsp;&nbsp;&nbsp;&nbsp; EDUKUJEMY tak, \u017ceby zagadnienia dotycz\u0105ce nadwagi, choroby oty\u0142o\u015bciowej i jej powik\u0142a\u0144 by\u0142y rzetelne, zrozumia\u0142e i zgodne z aktualnymi badaniami i &hellip; <\/p>\n","protected":false},"author":1,"featured_media":83,"parent":0,"menu_order":0,"comment_status":"closed","ping_status":"closed","template":"","meta":{"footnotes":""},"class_list":["post-21","page","type-page","status-publish","has-post-thumbnail","hentry","has-meta has-sticky-meta"],"_links":{"self":[{"href":"https:\/\/flo.ippez.pl\/index.php\/wp-json\/wp\/v2\/pages\/21","targetHints":{"allow":["GET"]}}],"collection":[{"href":"https:\/\/flo.ippez.pl\/index.php\/wp-json\/wp\/v2\/pages"}],"about":[{"href":"https:\/\/flo.ippez.pl\/index.php\/wp-json\/wp\/v2\/types\/page"}],"author":[{"embeddable":true,"href":"https:\/\/flo.ippez.pl\/index.php\/wp-json\/wp\/v2\/users\/1"}],"replies":[{"embeddable":true,"href":"https:\/\/flo.ippez.pl\/index.php\/wp-json\/wp\/v2\/comments?post=21"}],"version-history":[{"count":2,"href":"https:\/\/flo.ippez.pl\/index.php\/wp-json\/wp\/v2\/pages\/21\/revisions"}],"predecessor-version":[{"id":99,"href":"https:\/\/flo.ippez.pl\/index.php\/wp-json\/wp\/v2\/pages\/21\/revisions\/99"}],"wp:featuredmedia":[{"embeddable":true,"href":"https:\/\/flo.ippez.pl\/index.php\/wp-json\/wp\/v2\/media\/83"}],"wp:attachment":[{"href":"https:\/\/flo.ippez.pl\/index.php\/wp-json\/wp\/v2\/media?parent=21"}],"curies":[{"name":"wp","href":"https:\/\/api.w.org\/{rel}","templated":true}]}}